{"id":59,"date":"2022-10-08T10:32:10","date_gmt":"2022-10-08T07:32:10","guid":{"rendered":"https:\/\/nskry.eu\/?page_id=59"},"modified":"2022-10-08T11:55:14","modified_gmt":"2022-10-08T08:55:14","slug":"logotiedostot","status":"publish","type":"page","link":"https:\/\/nskry.eu\/?page_id=59","title":{"rendered":"Logotiedostot"},"content":{"rendered":"\n<p>Klikkaa kuvaa avataksesi kuvan uuteen v\u00e4lilehteen.  Klikkaa hiiren oikealla napilla kuvan p\u00e4\u00e4ll\u00e4 ja valitse &#8221;Tallenna sivu nimell\u00e4&#8230;&#8221;<\/p>\n\n\n\n<div class=\"wp-block-columns is-layout-flex wp-container-core-columns-layout-2 wp-block-columns-is-layout-flex\">\n<div class=\"wp-block-column is-layout-flow wp-block-column-is-layout-flow\" style=\"flex-basis:100%\">\n<div class=\"wp-block-columns is-layout-flex wp-container-core-columns-layout-1 wp-block-columns-is-layout-flex\">\n<div class=\"wp-block-column is-layout-flow wp-block-column-is-layout-flow\" style=\"flex-basis:100%\">\n<figure class=\"wp-block-gallery has-nested-images columns-2 is-cropped wp-block-gallery-1 is-layout-flex wp-block-gallery-is-layout-flex\">\n<figure class=\"wp-block-image size-large\"><a href=\"https:\/\/nskry.eu\/wp-content\/uploads\/2022\/10\/nskry_black.svg\" target=\"_blank\" rel=\"noopener\"><img loading=\"lazy\" decoding=\"async\" width=\"600\" height=\"600\" src=\"https:\/\/nskry.eu\/wp-content\/uploads\/2022\/10\/nskry_black.svg\" alt=\"\" class=\"wp-image-90\"\/><\/a><figcaption>nskry_black.svg<\/figcaption><\/figure>\n\n\n\n<figure class=\"wp-block-image size-large\"><a href=\"https:\/\/nskry.eu\/wp-content\/uploads\/2022\/10\/nskry_black.png\" target=\"_blank\" rel=\"noopener\"><img loading=\"lazy\" decoding=\"async\" width=\"1024\" height=\"1024\" src=\"https:\/\/nskry.eu\/wp-content\/uploads\/2022\/10\/nskry_black-1024x1024.png\" alt=\"\" class=\"wp-image-89\" srcset=\"https:\/\/nskry.eu\/wp-content\/uploads\/2022\/10\/nskry_black-1024x1024.png 1024w, https:\/\/nskry.eu\/wp-content\/uploads\/2022\/10\/nskry_black-300x300.png 300w, https:\/\/nskry.eu\/wp-content\/uploads\/2022\/10\/nskry_black-150x150.png 150w, https:\/\/nskry.eu\/wp-content\/uploads\/2022\/10\/nskry_black-768x768.png 768w, https:\/\/nskry.eu\/wp-content\/uploads\/2022\/10\/nskry_black-1536x1536.png 1536w, https:\/\/nskry.eu\/wp-content\/uploads\/2022\/10\/nskry_black-2048x2048.png 2048w, https:\/\/nskry.eu\/wp-content\/uploads\/2022\/10\/nskry_black-1200x1200.png 1200w, https:\/\/nskry.eu\/wp-content\/uploads\/2022\/10\/nskry_black-1980x1980.png 1980w\" sizes=\"(max-width: 1024px) 100vw, 1024px\" \/><\/a><figcaption>nskry_black.png<\/figcaption><\/figure>\n\n\n\n<figure class=\"wp-block-image size-medium\"><a href=\"https:\/\/nskry.eu\/wp-content\/uploads\/2022\/10\/nskry_600x600.png\" target=\"_blank\" rel=\"noopener\"><img loading=\"lazy\" decoding=\"async\" width=\"300\" height=\"300\" src=\"https:\/\/nskry.eu\/wp-content\/uploads\/2022\/10\/nskry_600x600-300x300.png\" alt=\"\" class=\"wp-image-25\" srcset=\"https:\/\/nskry.eu\/wp-content\/uploads\/2022\/10\/nskry_600x600-300x300.png 300w, https:\/\/nskry.eu\/wp-content\/uploads\/2022\/10\/nskry_600x600-150x150.png 150w, https:\/\/nskry.eu\/wp-content\/uploads\/2022\/10\/nskry_600x600.png 600w\" sizes=\"(max-width: 300px) 100vw, 300px\" \/><\/a><figcaption>nskry.png<\/figcaption><\/figure>\n\n\n\n<figure class=\"wp-block-image size-large\"><a href=\"https:\/\/nskry.eu\/wp-content\/uploads\/2022\/10\/nskry.tarra_.svg\" target=\"_blank\" rel=\"noopener\"><img loading=\"lazy\" decoding=\"async\" width=\"350\" height=\"120\" src=\"https:\/\/nskry.eu\/wp-content\/uploads\/2022\/10\/nskry.tarra_.svg\" alt=\"\" class=\"wp-image-70\"\/><\/a><figcaption>nskry.tarra.svg<\/figcaption><\/figure>\n\n\n\n<figure class=\"wp-block-image size-large\"><a href=\"https:\/\/nskry.eu\/wp-content\/uploads\/2022\/10\/nskry.svg\" target=\"_blank\" rel=\"noopener\"><img loading=\"lazy\" decoding=\"async\" width=\"600\" height=\"600\" src=\"https:\/\/nskry.eu\/wp-content\/uploads\/2022\/10\/nskry.svg\" alt=\"\" class=\"wp-image-71\"\/><\/a><figcaption>nskry.svg<\/figcaption><\/figure>\n<\/figure>\n<\/div>\n<\/div>\n<\/div>\n<\/div>\n","protected":false},"excerpt":{"rendered":"<p>Klikkaa kuvaa avataksesi kuvan uuteen v\u00e4lilehteen. Klikkaa hiiren oikealla napilla kuvan p\u00e4\u00e4ll\u00e4 ja valitse &#8221;Tallenna sivu nimell\u00e4&#8230;&#8221;<\/p>\n","protected":false},"author":1,"featured_media":0,"parent":0,"menu_order":0,"comment_status":"closed","ping_status":"closed","template":"","meta":{"inline_featured_image":false,"footnotes":""},"_links":{"self":[{"href":"https:\/\/nskry.eu\/index.php?rest_route=\/wp\/v2\/pages\/59"}],"collection":[{"href":"https:\/\/nskry.eu\/index.php?rest_route=\/wp\/v2\/pages"}],"about":[{"href":"https:\/\/nskry.eu\/index.php?rest_route=\/wp\/v2\/types\/page"}],"author":[{"embeddable":true,"href":"https:\/\/nskry.eu\/index.php?rest_route=\/wp\/v2\/users\/1"}],"replies":[{"embeddable":true,"href":"https:\/\/nskry.eu\/index.php?rest_route=%2Fwp%2Fv2%2Fcomments&post=59"}],"version-history":[{"count":21,"href":"https:\/\/nskry.eu\/index.php?rest_route=\/wp\/v2\/pages\/59\/revisions"}],"predecessor-version":[{"id":98,"href":"https:\/\/nskry.eu\/index.php?rest_route=\/wp\/v2\/pages\/59\/revisions\/98"}],"wp:attachment":[{"href":"https:\/\/nskry.eu\/index.php?rest_route=%2Fwp%2Fv2%2Fmedia&parent=59"}],"curies":[{"name":"wp","href":"https:\/\/api.w.org\/{rel}","templated":true}]}}